 a prime number?
False
Is 716747821 a composite number?
False
Is 60975819503 prime?
True
Is 12132428459 a prime number?
True
Is 179360227 composite?
True
Is 987138277 a composite number?
True
Is 5340502031 a prime number?
True
Is 2577889931 a composite number?
False
Is 10937514479 a prime number?
True
Is 2024514409 a prime number?
False
Is 26406473173 prime?
False
Is 174971831 a composite number?
False
Is 34489183361 a prime number?
True
Is 120401311 prime?
True
Is 8314420987 a composite number?
False
Is 1386099203 prime?
True
Is 357502891 a composite number?
False
Is 24718219697 a composite number?
False
Is 4278425353 prime?
False
Is 4878707401 prime?
True
Is 217231177 a prime number?
True
Is 7896226381 a composite number?
True
Is 2473368617 a composite number?
True
Is 3305738461 composite?
False
Is 896001851 a composite number?
False
Is 31291988573 a composite number?
True
Is 5018736427 a prime number?
True
Is 17081262971 a prime number?
True
Is 1749307939 prime?
False
Is 261683437 a prime number?
True
Is 28921421069 composite?
False
Is 86617423831 a prime number?
True
Is 2471859647 a prime number?
True
Is 115344399299 composite?
False
Is 481325161 a prime number?
False
Is 4663063934 composite?
True
Is 10187245787 prime?
False
Is 1690073729 composite?
True
Is 10323689137 a prime number?
True
Is 35923052701 prime?
False
Is 26533716331 prime?
False
Is 6802270243 a prime number?
True
Is 42941975119 a composite number?
False
Is 275103151 prime?
False
Is 44128269509 prime?
False
Is 4711227847 composite?
False
Is 737725649 prime?
True
Is 275693023 a composite number?
True
Is 3458026597 a composite number?
True
Is 40528471 a prime number?
True
Is 10847432087 composite?
False
Is 38146413593 prime?
False
Is 2063336741 prime?
True
Is 2323334701 composite?
False
Is 10188266119 prime?
True
Is 1154872141 a composite number?
True
Is 96097616239 prime?
False
Is 407498683 a composite number?
False
Is 355198462 a prime number?
False
Is 337467917 composite?
False
Is 6032930443 prime?
True
Is 192015100265 composite?
True
Is 253996607 prime?
False
Is 491605333 a composite number?
True
Is 6981681871 composite?
True
Is 2716009033 a composite number?
False
Is 261720646157 composite?
False
Is 31095116947 a composite number?
True
Is 75764042281 a prime number?
True
Is 663700159 a composite number?
True
Is 11857044367 composite?
True
Is 1406304673 a composite number?
False
Is 850313471 a prime number?
False
Is 3789885481 a prime number?
True
Is 527767483 a composite number?
True
Is 15893144889 prime?
False
Is 1265460241 composite?
False
Is 2225381237 a prime number?
True
Is 13989981001 a prime number?
False
Is 175382063 composite?
True
Is 21105306883 prime?
True
Is 223613583257 a prime number?
True
Is 47603287 a prime number?
True
Is 926866001 a prime number?
True
Is 10810159663 a prime number?
True
Is 723595417 a prime number?
True
Is 518018911 a composite number?
True
Is 364367931 a prime number?
False
Is 1076197817 composite?
False
Is 58812010847 prime?
True
Is 2334110281 prime?
True
Is 450732571 a prime number?
False
Is 1356183383 composite?
True
Is 3613431707 a prime number?
False
Is 281982511 a prime number?
False
Is 38529530519 prime?
True
Is 147029128381 composite?
False
Is 7141926047 prime?
True
Is 890888659 composite?
False
Is 267881839 a composite number?
False
Is 1366444061 a composite number?
True
Is 2885454553 composite?
False
Is 6482699903 prime?
True
Is 994258483 composite?
True
Is 5216815157 composite?
False
Is 10723247 a composite number?
False
Is 21226686671 a prime number?
True
Is 491292229 prime?
True
Is 411551509 composite?
False
Is 36034225337 composite?
True
Is 2022490259 a prime number?
True
Is 71894056763 composite?
False
Is 72294281791 a composite number?
True
Is 7488172673 composite?
False
Is 40829817401 a prime number?
True
Is 62027257 prime?
False
Is 43314929989 a composite number?
True
Is 2668876603 prime?
True
Is 1056131119 prime?
True
Is 156045121 composite?
False
Is 152771248199 prime?
True
Is 127707255553 a prime number?
True
Is 8247601169 composite?
False
Is 203939521691 composite?
True
Is 4422269879 composite?
False
Is 337033344623 a prime number?
False
Is 551797913 prime?
False
Is 1541013911 prime?
False
Is 17671910383 prime?
False
Is 10603408703 prime?
True
Is 3609786487 composite?
True
Is 10228399261 a composite number?
True
Is 3755438773 a prime number?
True
Is 67116540989 composite?
False
Is 12367515887 a prime number?
True
Is 105437647001 a prime number?
True
Is 735919807 prime?
False
Is 49643060603 composite?
False
Is 1819828031 a composite number?
True
Is 836149169 prime?
False
Is 272425661 prime?
True
Is 4076325593 a prime number?
True
Is 1141947271 a composite number?
False
Is 7775104403 a prime number?
False
Is 1340833187 a prime number?
True
Is 33577696303 a prime number?
False
Is 3695298917 a composite number?
False
Is 11533545449 composite?
False
Is 719549801 a prime number?
False
Is 47629012687 a composite number?
False
Is 15601678751 composite?
False
Is 2782332631 prime?
False
Is 274468342873 a prime number?
False
Is 18881173541 a composite number?
True
Is 1068104221 prime?
False
Is 12256972459 a composite number?
False
Is 3433794943 prime?
True
Is 565726947 a prime number?
False
Is 259227817 composite?
False
Is 3229681957 a composite number?
True
Is 884535917 composite?
False
Is 4464532279 composite?
True
Is 78520150417 a prime number?
True
Is 33356450581 a prime number?
False
Is 3177949453 composite?
True
Is 8918226773 composite?
False
Is 305029259 prime?
False
Is 1293888731 a prime number?
True
Is 13487232397 prime?
False
Is 4627191259 prime?
True
Is 34439716117 composite?
False
Is 1131729997 prime?
False
Is 9986584753 prime?
False
Is 80737291 prime?
False
Is 583253309 prime?
True
Is 2687100421 composite?
False
Is 5577206347 a composite number?
True
Is 21694886663 composite?
False
Is 2824865573 a composite number?
False
Is 37609785179 prime?
False
Is 579256151 prime?
True
Is 161736782971 prime?
False
Is 3928647607 composite?
False
Is 8057265053 composite?
False
Is 2694094237 a composite number?
False
Is 30499031657 prime?
True
Is 3257981665 prime?
False
Is 13730239769 composite?
True
Is 13475660329 a composite number?
True
Is 56207138543 a composite number?
True
Is 26183087979 prime?
False
Is 2916476221 a composite number?
False
Is 133358003 composite?
True
Is 48614618671 prime?
False
Is 125923705471 a composite number?
False
Is 60201010763 prime?
False
Is 805108211 prime?
True
Is 688765379 a prime number?
True
Is 6313200877 composite?
False
Is 9143059897 a prime number?
False
Is 7583642263 a composite number?
True
Is 1342643183 composite?
True
Is 3140397959 prime?
True
Is 89809051 prime?
True
Is 112456441 a composite number?
False
Is 2046421813 a composite number?
False
Is 5578420693 a composite number?
False
Is 11462951757 prime?
False
Is 16704995891 composite?
False
Is 12792257201 a composite number?
True
Is 126214959653 a composite number?
False
Is 86011765787 prime?
True
Is 953916571 composite?
False
Is 544360499 prime?
True
Is 2559808769 composite?
True
Is 3667841141 prime?
False
Is 649863953 composite?
True
Is 248861537 a composite number?
False
Is 4503763787 a prime number?
True
Is 7783318997 a composite number?
False
Is 1332175697 composite?
True
Is 19197477463 a composite number?
True
Is 7072328093 prime?
True
Is 36174432767 a composite number?
True
Is 27704946338 a composite number?
True
Is 2129305751 prime?
True
Is 9849353321 composite?
True
Is 23533468159 a composite number?
False
Is 169160899 composite?
True
Is 5998814527 a prime number?
True
Is 2534702987 a prime number?
False
Is 2171198641 prime?
True
Is 53083767959 composite?
True
Is 910171 a prime number?
True
Is 21007311911 composite?
True
Is 557663993 prime?
True
Is 6202186129 a composite number?
True
Is 1164742239 a prime number?
False
Is 108814236493 prime?
True
Is 630796867 composite?
False
Is 3697514209 prime?
False
Is 55172324663 composite?
False
Is 508582169 a prime number?
True
Is 1499988647 a prime number?
True
Is 57983433017 a composite number?
False
Is 20923709 a composite number?
True
Is 97623264967 a composite number?
True
Is 932334631 composite?
False
Is 70449527 composite?
True
Is 208976685581 a composite number?
False
Is 7